{"id":9,"date":"2014-08-13T12:25:39","date_gmt":"2014-08-13T10:25:39","guid":{"rendered":"http:\/\/www.xn--schn-fahrrder-kfb6x.de\/rsv\/?page_id=9"},"modified":"2015-03-18T18:15:53","modified_gmt":"2015-03-18T16:15:53","slug":"ueber-uns","status":"publish","type":"page","link":"https:\/\/rsv-gau-algesheim.de\/?page_id=9","title":{"rendered":"\u00dcBER UNS"},"content":{"rendered":"<p style=\"text-align: justify;\"><img loading=\"lazy\" decoding=\"async\" class=\"alignleft size-full wp-image-1014\" src=\"http:\/\/www.xn--schn-fahrrder-kfb6x.de\/rsv\/wp-content\/uploads\/2014\/08\/header_ueber_uns.jpg\" alt=\"header_ueber_uns\" width=\"852\" height=\"280\" srcset=\"https:\/\/rsv-gau-algesheim.de\/wp-content\/uploads\/2014\/08\/header_ueber_uns.jpg 852w, https:\/\/rsv-gau-algesheim.de\/wp-content\/uploads\/2014\/08\/header_ueber_uns-300x98.jpg 300w\" sizes=\"auto, (max-width: 852px) 100vw, 852px\" \/>Der Radsportverein 1898 e.V. Gau-Algesheim wurde am 23. Mai 1898\u00a0als &#8222;Radfahrerverein Gaualgesheim&#8220;\u00a0gegr\u00fcndet und z\u00e4hlt im Jahre 2014 mehr als 300 aktive und passive Mitglieder.<\/p>\n<p style=\"text-align: justify;\">Wir sind Mitglied des Sportbundes Rheinhessen, des Radsportverbandes Rheinland-Pfalz und des Bundes Deutscher Radfahrer.<\/p>\n<p style=\"text-align: justify;\">Neben den Wettkampfsportarten wie Radball, Einrad- und Kunstradfahren f\u00f6rdern wir auch den Spa\u00df am Radfahren im Allgemeinen und organisieren \u00fcber das Jahr verteilt verschiedene Veranstaltungen wie z.B. die Car&amp;Bike-Tour am 1. Sonntag in den Sommerferien und das allj\u00e4hrliche Volksradfahren, am 2. Sonntag im September. Neben den sportlichen Aktivit\u00e4ten wird au\u00dferdem das gesellschaftliche Vereinsleben und die Jugendarbeit stetig gepflegt.<\/p>\n<p style=\"text-align: justify;\">Mit der vereinseigenen Radsporthalle an der Appenheimer Stra\u00dfe unterhalten wir eine ideale Trainings- und Wettkampfst\u00e4tte, die\u00a0 gleichzeitig allen B\u00fcrgern der Stadt und auch anderen Vereinen zum Feiern und Ausrichten verschiedener Feste zur Verf\u00fcgung steht.<\/p>\n<p style=\"text-align: justify;\">Der Entwicklung von Gau-Algesheim und dem gesellschaftlichen Leben in der Stadt ist der\u00a0RSV 1898\u00a0 stark verbunden.<\/p>\n","protected":false},"excerpt":{"rendered":"<p>Der Radsportverein 1898 e.V. Gau-Algesheim wurde am 23. Mai 1898\u00a0als &#8222;Radfahrerverein Gaualgesheim&#8220;\u00a0gegr\u00fcndet und z\u00e4hlt im Jahre 2014 mehr als 300 aktive und passive Mitglieder. Wir sind Mitglied des Sportbundes Rheinhessen, des Radsportverbandes Rheinland-Pfalz und des Bundes Deutscher Radfahrer. Neben den Wettkampfsportarten wie Radball, Einrad- und Kunstradfahren f\u00f6rdern wir auch den Spa\u00df am Radfahren im Allgemeinen und organisieren \u00fcber das Jahr<\/p>\n","protected":false},"author":2,"featured_media":0,"parent":0,"menu_order":1,"comment_status":"closed","ping_status":"closed","template":"","meta":{"footnotes":""},"class_list":["post-9","page","type-page","status-publish","hentry"],"jetpack_sharing_enabled":true,"_links":{"self":[{"href":"https:\/\/rsv-gau-algesheim.de\/index.php?rest_route=\/wp\/v2\/pages\/9","targetHints":{"allow":["GET"]}}],"collection":[{"href":"https:\/\/rsv-gau-algesheim.de\/index.php?rest_route=\/wp\/v2\/pages"}],"about":[{"href":"https:\/\/rsv-gau-algesheim.de\/index.php?rest_route=\/wp\/v2\/types\/page"}],"author":[{"embeddable":true,"href":"https:\/\/rsv-gau-algesheim.de\/index.php?rest_route=\/wp\/v2\/users\/2"}],"replies":[{"embeddable":true,"href":"https:\/\/rsv-gau-algesheim.de\/index.php?rest_route=%2Fwp%2Fv2%2Fcomments&post=9"}],"version-history":[{"count":14,"href":"https:\/\/rsv-gau-algesheim.de\/index.php?rest_route=\/wp\/v2\/pages\/9\/revisions"}],"predecessor-version":[{"id":1015,"href":"https:\/\/rsv-gau-algesheim.de\/index.php?rest_route=\/wp\/v2\/pages\/9\/revisions\/1015"}],"wp:attachment":[{"href":"https:\/\/rsv-gau-algesheim.de\/index.php?rest_route=%2Fwp%2Fv2%2Fmedia&parent=9"}],"curies":[{"name":"wp","href":"https:\/\/api.w.org\/{rel}","templated":true}]}}