{"id":260,"date":"2014-08-25T17:10:27","date_gmt":"2014-08-25T15:10:27","guid":{"rendered":"http:\/\/www.xn--schn-fahrrder-kfb6x.de\/rsv\/?page_id=260"},"modified":"2025-08-23T13:01:27","modified_gmt":"2025-08-23T11:01:27","slug":"impressum","status":"publish","type":"page","link":"https:\/\/rsv-gau-algesheim.de\/?page_id=260","title":{"rendered":"Impressum"},"content":{"rendered":"<p><strong>Radsportverein 1898 e.V. Gau-Algesheim<\/strong><\/p>\n<p>Gesch\u00e4ftsstelle Radsporthalle:<br \/>\nAppenheimer Stra\u00dfe 51<br \/>\n55435 Gau-Algesheim<\/p>\n<p><strong>Vertreten durch:<\/strong><br \/>\nAnita Schaberger, 1. Vorsitzende<\/p>\n<p><strong>Kontakt:<\/strong><br \/>\nRadsporthalle:<br \/>\nAppenheimer Stra\u00dfe 51<br \/>\n55435 Gau-Algesheim<\/p>\n<p>Anita Schaberger<br \/>\nKaiser-Karl-Str. 23<br \/>\n55435 Gau-Algesheim<br \/>\nTel.: 06725\/308467<br \/>\n<a href=\"mailto:1.vorsitzender@rsv-ga.de\" target=\"_blank\" rel=\"noopener\">Mail to Anita<\/a><\/p>\n<p><strong>Eintragung im Vereinsregister:<\/strong><br \/>\nAG Mainz<br \/>\nVereinsregistereintrag 20-297<br \/>\nUSTN: 08\/667\/0062\/2<br \/>\nFA Mainz<\/p>\n<p><strong>Inhaltlich Verantwortlicher gem\u00e4\u00df \u00a7 6 MDStV:<\/strong> Hermann Sch\u00f6n<\/p>\n<p><strong>Haftungshinweis:<\/strong> Trotz sorgf\u00e4ltiger inhaltlicher Kontrolle \u00fcbernehmen wir keine Haftung f\u00fcr die Inhalte externer Links. F\u00fcr den Inhalt der verlinkten Seiten sind ausschlie\u00dflich deren Betreiber verantwortlich.<\/p>\n<p><strong>Urheberrechte und Marken:<\/strong> Alle Texte, Bilder, Grafiken, oder sonstige Bilddarstellungen und deren Gliederung sind gesetzlich gesch\u00fctzt. Ohne ausdr\u00fcckliche schriftliche Zustimmung d\u00fcrfen die Inhalte der Web-Site nicht zu gewerblichen Zwecken kopiert, verbreitet, verwandelt oder Dritten zug\u00e4nglich gemacht werden. Einige auf dieser Web-Site wiedergegebene Bilder unterliegen dem Urheberrecht Dritter.<\/p>\n<p><strong>Konzeption &amp; Realisation:<\/strong> connections werbeagentur + photography \/ an der goldgrube 43 \/ 55131 mainz<br \/>\ntelefon 06131.62 75 80 \/ e-mail: co@connections-mainz.de<\/p>\n<p><strong>Quellenangaben f\u00fcr die verwendeten Bilder und Grafiken: <\/strong>Thomas Duch, Stefan Hassemer, Andreas Ortner<\/p>\n","protected":false},"excerpt":{"rendered":"<p>Radsportverein 1898 e.V. Gau-Algesheim Gesch\u00e4ftsstelle Radsporthalle: Appenheimer Stra\u00dfe 51 55435 Gau-Algesheim Vertreten durch: Anita Schaberger, 1. Vorsitzende Kontakt: Radsporthalle: Appenheimer Stra\u00dfe 51 55435 Gau-Algesheim Anita Schaberger Kaiser-Karl-Str. 23 55435 Gau-Algesheim Tel.: 06725\/308467 Mail to Anita Eintragung im Vereinsregister: AG Mainz Vereinsregistereintrag 20-297 USTN: 08\/667\/0062\/2 FA Mainz Inhaltlich Verantwortlicher gem\u00e4\u00df \u00a7 6 MDStV: Hermann Sch\u00f6n Haftungshinweis: Trotz sorgf\u00e4ltiger inhaltlicher Kontrolle \u00fcbernehmen<\/p>\n","protected":false},"author":2,"featured_media":0,"parent":17,"menu_order":4,"comment_status":"closed","ping_status":"closed","template":"","meta":{"footnotes":""},"class_list":["post-260","page","type-page","status-publish","hentry"],"jetpack_sharing_enabled":true,"_links":{"self":[{"href":"https:\/\/rsv-gau-algesheim.de\/index.php?rest_route=\/wp\/v2\/pages\/260","targetHints":{"allow":["GET"]}}],"collection":[{"href":"https:\/\/rsv-gau-algesheim.de\/index.php?rest_route=\/wp\/v2\/pages"}],"about":[{"href":"https:\/\/rsv-gau-algesheim.de\/index.php?rest_route=\/wp\/v2\/types\/page"}],"author":[{"embeddable":true,"href":"https:\/\/rsv-gau-algesheim.de\/index.php?rest_route=\/wp\/v2\/users\/2"}],"replies":[{"embeddable":true,"href":"https:\/\/rsv-gau-algesheim.de\/index.php?rest_route=%2Fwp%2Fv2%2Fcomments&post=260"}],"version-history":[{"count":10,"href":"https:\/\/rsv-gau-algesheim.de\/index.php?rest_route=\/wp\/v2\/pages\/260\/revisions"}],"predecessor-version":[{"id":3750,"href":"https:\/\/rsv-gau-algesheim.de\/index.php?rest_route=\/wp\/v2\/pages\/260\/revisions\/3750"}],"up":[{"embeddable":true,"href":"https:\/\/rsv-gau-algesheim.de\/index.php?rest_route=\/wp\/v2\/pages\/17"}],"wp:attachment":[{"href":"https:\/\/rsv-gau-algesheim.de\/index.php?rest_route=%2Fwp%2Fv2%2Fmedia&parent=260"}],"curies":[{"name":"wp","href":"https:\/\/api.w.org\/{rel}","templated":true}]}}