{"id":2013,"date":"2017-03-14T17:56:08","date_gmt":"2017-03-14T15:56:08","guid":{"rendered":"http:\/\/nxe2u9u7.web46.alfahosting-server.de\/?page_id=2013"},"modified":"2017-03-14T17:57:50","modified_gmt":"2017-03-14T15:57:50","slug":"spendenprojekte-2","status":"publish","type":"page","link":"https:\/\/rsv-gau-algesheim.de\/?page_id=2013","title":{"rendered":"Radtouren um Gau-Algesheim"},"content":{"rendered":"<p><a href=\"https:\/\/rsv-gau-algesheim.de\/wp-content\/uploads\/2015\/02\/volksradfahren.jpg\"><img loading=\"lazy\" decoding=\"async\" class=\"alignnone wp-image-1961 size-full\" src=\"https:\/\/rsv-gau-algesheim.de\/wp-content\/uploads\/2015\/02\/volksradfahren.jpg\" alt=\"\" width=\"852\" height=\"280\" srcset=\"https:\/\/rsv-gau-algesheim.de\/wp-content\/uploads\/2015\/02\/volksradfahren.jpg 852w, https:\/\/rsv-gau-algesheim.de\/wp-content\/uploads\/2015\/02\/volksradfahren-300x99.jpg 300w, https:\/\/rsv-gau-algesheim.de\/wp-content\/uploads\/2015\/02\/volksradfahren-768x252.jpg 768w\" sizes=\"auto, (max-width: 852px) 100vw, 852px\" \/><\/a><\/p>\n<p>&nbsp;<\/p>\n<h6>Radfahren in Rheinhessen \u201eRund um Gau-Algesheim\u201c<\/h6>\n<p>Im Rahmen der F\u00f6rderung f\u00fcr mehr Spa\u00df am Radfahren allgemein und f\u00fcr die Stadt Gau-Algesheim, erarbeiteten wir 2008 F\u00fcr die Touristeninformation Gau-Algesheim verschiedene Radwege, die in einer Brosch\u00fcre ver\u00f6ffentlicht wurden.<\/p>\n<div data-canvas-width=\"141.90666666666664\"><a href=\"http:\/\/www.gau-algesheim.de\/wp-content\/uploads\/2013\/05\/flyer-radtouren-gau-algesheim.pdf\" target=\"_blank\">Radfahren in Rheinhessen \u201eRund um Gau-Algesheim\u201c <\/a>in traumhaften Landschaften zwischen Rhein, Main, Nahe und den kleinen Nebenfl\u00fcssen ist ein echtes Erlebnis. In dieser Brosch\u00fcre findet man 10 attraktive und \u00fcberwiegend familienfreundliche Radtouren, die teilweise auch mit der Bahn bzw. Schiff kombinierbar sind. So kann man die Vielfalt unserer Region mit den vielen kleinen rheinhessischen Ortschaften, sowie ihren schmucken Rath\u00e4usern, Kirchen und Kl\u00f6stern im gr\u00f6\u00dften Weinanbaugebiet Deutschlands, oder das Welterbe \u201eOberes Mittelrheintal\u201c mit seinen romantischen Burgen von Bingen bis Koblenz per Fahrrad erkunden.<\/div>\n<div data-canvas-width=\"135.34799999999998\"><\/div>\n<div data-canvas-width=\"135.34799999999998\">Viel Spa\u00df beim Radeln!<\/div>\n","protected":false},"excerpt":{"rendered":"<p>&nbsp; Radfahren in Rheinhessen \u201eRund um Gau-Algesheim\u201c Im Rahmen der F\u00f6rderung f\u00fcr mehr Spa\u00df am Radfahren allgemein und f\u00fcr die Stadt Gau-Algesheim, erarbeiteten wir 2008 F\u00fcr die Touristeninformation Gau-Algesheim verschiedene Radwege, die in einer Brosch\u00fcre ver\u00f6ffentlicht wurden. Radfahren in Rheinhessen \u201eRund um Gau-Algesheim\u201c in traumhaften Landschaften zwischen Rhein, Main, Nahe und den kleinen Nebenfl\u00fcssen ist ein echtes Erlebnis. In dieser<\/p>\n","protected":false},"author":2,"featured_media":0,"parent":80,"menu_order":4,"comment_status":"closed","ping_status":"closed","template":"","meta":{"footnotes":""},"class_list":["post-2013","page","type-page","status-publish","hentry"],"jetpack_sharing_enabled":true,"_links":{"self":[{"href":"https:\/\/rsv-gau-algesheim.de\/index.php?rest_route=\/wp\/v2\/pages\/2013","targetHints":{"allow":["GET"]}}],"collection":[{"href":"https:\/\/rsv-gau-algesheim.de\/index.php?rest_route=\/wp\/v2\/pages"}],"about":[{"href":"https:\/\/rsv-gau-algesheim.de\/index.php?rest_route=\/wp\/v2\/types\/page"}],"author":[{"embeddable":true,"href":"https:\/\/rsv-gau-algesheim.de\/index.php?rest_route=\/wp\/v2\/users\/2"}],"replies":[{"embeddable":true,"href":"https:\/\/rsv-gau-algesheim.de\/index.php?rest_route=%2Fwp%2Fv2%2Fcomments&post=2013"}],"version-history":[{"count":3,"href":"https:\/\/rsv-gau-algesheim.de\/index.php?rest_route=\/wp\/v2\/pages\/2013\/revisions"}],"predecessor-version":[{"id":2016,"href":"https:\/\/rsv-gau-algesheim.de\/index.php?rest_route=\/wp\/v2\/pages\/2013\/revisions\/2016"}],"up":[{"embeddable":true,"href":"https:\/\/rsv-gau-algesheim.de\/index.php?rest_route=\/wp\/v2\/pages\/80"}],"wp:attachment":[{"href":"https:\/\/rsv-gau-algesheim.de\/index.php?rest_route=%2Fwp%2Fv2%2Fmedia&parent=2013"}],"curies":[{"name":"wp","href":"https:\/\/api.w.org\/{rel}","templated":true}]}}