{"id":11,"date":"2014-08-13T12:26:25","date_gmt":"2014-08-13T10:26:25","guid":{"rendered":"http:\/\/www.xn--schn-fahrrder-kfb6x.de\/rsv\/?page_id=11"},"modified":"2015-04-13T17:35:47","modified_gmt":"2015-04-13T15:35:47","slug":"verein","status":"publish","type":"page","link":"https:\/\/rsv-gau-algesheim.de\/?page_id=11","title":{"rendered":"VEREIN"},"content":{"rendered":"<p><img loading=\"lazy\" decoding=\"async\" class=\"alignleft size-full wp-image-1012\" src=\"http:\/\/www.xn--schn-fahrrder-kfb6x.de\/rsv\/wp-content\/uploads\/2014\/08\/header_verein.jpg\" alt=\"header_verein\" width=\"852\" height=\"280\" srcset=\"https:\/\/rsv-gau-algesheim.de\/wp-content\/uploads\/2014\/08\/header_verein.jpg 852w, https:\/\/rsv-gau-algesheim.de\/wp-content\/uploads\/2014\/08\/header_verein-300x98.jpg 300w\" sizes=\"auto, (max-width: 852px) 100vw, 852px\" \/>Jugendarbeit bedeutet f\u00fcr uns zum Einen, bei Kindern und Jugendlichen die Lust an der Bewegung zu wecken, sie f\u00fcr das Radfahren und den Radsport zu begeistern.<\/p>\n<p>Zum anderen gilt es aber auch besonders talentierte Sportlerinnen und Sportler gezielt zu f\u00f6rdern. Im Laufe unserer Vereinsgeschichte konnten wir hier viele sportliche Erfolge verzeichnen.<\/p>\n<p>Bei allem sportlichen Ehrgeiz wird bei uns die Gemeinschaft ganz gro\u00df geschrieben. Daf\u00fcr sorgen auch viele au\u00dfersportliche Unternehmungen, die wir regelm\u00e4\u00dfig f\u00fcr unsere Mitglieder veranstalten.<\/p>\n<p>&nbsp;<\/p>\n<p>Desweiteren ehren wir auch immer wieder Mitglieder f\u00fcr ihre treue Mitgliedschaft und herausragende Verdienste f\u00fcr den Verein.<\/p>\n<h6 style=\"text-align: justify;\">Auszeichnungen<\/h6>\n<p style=\"text-align: justify;\">F\u00fcr 25 Jahre Mitgliedschaft verleiht der Verein die Silberne, f\u00fcr 40 Jahre Mitgliedschaft die Goldene Vereinsnadel und f\u00fcr 50 Jahre Mitgliedschaft die Ehrenmitgliedschaft. Auf Beschluss des Vorstandes k\u00f6nnen f\u00fcr &#8222;besonders&#8220; besondere Verdienste um den Radsportverein 1898 e.V. Gau-Algesheim mit der Dr. Quirin Mayer Medaille gew\u00fcrdigt werden.<\/p>\n<p style=\"text-align: justify;\">\n","protected":false},"excerpt":{"rendered":"<p>Jugendarbeit bedeutet f\u00fcr uns zum Einen, bei Kindern und Jugendlichen die Lust an der Bewegung zu wecken, sie f\u00fcr das Radfahren und den Radsport zu begeistern. Zum anderen gilt es aber auch besonders talentierte Sportlerinnen und Sportler gezielt zu f\u00f6rdern. Im Laufe unserer Vereinsgeschichte konnten wir hier viele sportliche Erfolge verzeichnen. Bei allem sportlichen Ehrgeiz wird bei uns die Gemeinschaft<\/p>\n","protected":false},"author":2,"featured_media":0,"parent":0,"menu_order":3,"comment_status":"closed","ping_status":"closed","template":"","meta":{"footnotes":""},"class_list":["post-11","page","type-page","status-publish","hentry"],"jetpack_sharing_enabled":true,"_links":{"self":[{"href":"https:\/\/rsv-gau-algesheim.de\/index.php?rest_route=\/wp\/v2\/pages\/11","targetHints":{"allow":["GET"]}}],"collection":[{"href":"https:\/\/rsv-gau-algesheim.de\/index.php?rest_route=\/wp\/v2\/pages"}],"about":[{"href":"https:\/\/rsv-gau-algesheim.de\/index.php?rest_route=\/wp\/v2\/types\/page"}],"author":[{"embeddable":true,"href":"https:\/\/rsv-gau-algesheim.de\/index.php?rest_route=\/wp\/v2\/users\/2"}],"replies":[{"embeddable":true,"href":"https:\/\/rsv-gau-algesheim.de\/index.php?rest_route=%2Fwp%2Fv2%2Fcomments&post=11"}],"version-history":[{"count":8,"href":"https:\/\/rsv-gau-algesheim.de\/index.php?rest_route=\/wp\/v2\/pages\/11\/revisions"}],"predecessor-version":[{"id":1118,"href":"https:\/\/rsv-gau-algesheim.de\/index.php?rest_route=\/wp\/v2\/pages\/11\/revisions\/1118"}],"wp:attachment":[{"href":"https:\/\/rsv-gau-algesheim.de\/index.php?rest_route=%2Fwp%2Fv2%2Fmedia&parent=11"}],"curies":[{"name":"wp","href":"https:\/\/api.w.org\/{rel}","templated":true}]}}